 remainder when (2 - -30 - -1) + -1 is divided by a.
15
Let g(f) = 13*f + 2. Let q be (4 - 5)/((-1)/(-13)). Let o = q + 23. What is the remainder when g(2) is divided by o?
8
Suppose -5*n = 17 + 8. Suppose -j - 17 = -34. Let z = n + j. What is the remainder when z is divided by 5?
2
Calculate the remainder when 11 is divided by (7/2)/((-4)/(-8)).
4
Let t = 10 - -1. Suppose v = 60 - 18. Calculate the remainder when v is divided by t.
9
Let n(s) = 2*s + 5 - 8*s - 2*s + 4*s**2 - s**2. Calculate the remainder when n(5) is divided by 14.
12
Suppose 37 = 2*t + 3. Let y = -36 - -84. What is the remainder when y is divided by t?
14
Suppose 5*j = 232 - 72. Let n = 5 + -2. Let f = n + 8. Calculate the remainder when j is divided by f.
10
Suppose 0 = -3*h - 3*d + 78, 3*h - 3*d - 27 = h. Let y(i) = i**3 + i**2 + 6. What is the remainder when h is divided by y(0)?
3
Suppose -v + 4*z + 6 = -3*v, -v + 3*z + 12 = 0. Suppose 2*l = -2*u + 74, 3*l + 2*l - 191 = -v*u. Calculate the remainder when l is divided by 21.
19
Suppose -5*r + 6*f = 4*f - 255, -2*r + 102 = 3*f. What is the remainder when r is divided by 0 + (-3)/((-6)/26)?
12
Let w(y) = 8*y**2 - 1. Suppose -36 = -4*c + c. Calculate the remainder when w(-2) is divided by c.
7
Let j be 16*(2 - (-9)/(-6)). What is the remainder when (-2)/j - (-5)/4 is divided by 1?
0
Suppose -329 = -5*q - 2*q. What is the remainder when 134 is divided by q?
40
Let y(p) = 9*p + 5 - 10*p - 2. What is the remainder when 14 is divided by y(-5)?
6
Suppose -3*i = -19 - 8. Calculate the remainder when 33 is divided by i.
6
Suppose -2*b = b + 5*c - 117, -c = 2*b - 71. What is the remainder when b is divided by 9?
7
Let g = -27 + 49. Calculate the remainder when g is divided by 14.
8
Let a(v) = -v**3 + 13*v**2 + 6. Let p be a(13). What is the remainder when 56 is divided by ((-76)/p)/((-6)/9)?
18
Let t be 0 + 0 - (2 - 5). Let x = -41 + 88. What is the remainder when x is divided by t/(-6)*(-1 - 31)?
15
Calculate the remainder when (-220)/25*(-30)/4 is divided by 23.
20
Let r(v) = -23*v - 3. Let m(s) = 8*s + 1. Let o(b) = -11*m(b) - 4*r(b). Let n be o(3). What is the remainder when 6/3 - -1*n is divided by 8?
7
Suppose -2*r - 3 + 11 = 0. Let k(s) = -s. Let i be k(-3). Suppose -u + 20 = -5*t, -r*t - 45 - i = -4*u. Calculate the remainder when u is divided by 6.
4
Suppose 12 = -4*k + 5*f, -4*k + 2*f = -0*f. Let h be (1/1)/(k/4). Suppose h*j - j = 32. Calculate the remainder when j is divided by 11.
10
Suppose -8 = -2*y, -y + 108 = 5*h - 4*y. Calculate the remainder when 71 is divided by h.
23
Let t(y) = 9*y + 7. What is the remainder when 69 is divided by t(2)?
19
Let m(l) = l**3 + 9*l**2 - 9*l + 13. Let x = -28 - -18. Calculate the remainder when 8 is divided by m(x).
2
Let q = 10 - 6. Suppose -3*o + 4*b + 36 = 0, -34 = -4*o - q*b - 14. Let c(g) = 5*g. What is the remainder when o is divided by c(1)?
3
Suppose -4*f + 3*h = 154, 0 = -0*f - 3*f - 3*h - 126. Let i = f + 58. Calculate the remainder when 51 is divided by i.
15
Let a = 31 + -19. Calculate the remainder when a is divided by (-2 - -7) + (7 - 4).
4
Suppose 7 + 29 = 4*s. What is the remainder when 34 is divided by s?
7
Let o(j) = 34*j**3 - 1. Suppose -6*f = -7*f + 11. Let c = f + 1. Calculate the remainder when o(1) is divided by c.
9
Suppose 10 - 4 = -2*h. Let l = 1 - h. Suppose b = 3*m + 13, -3*b - b + 38 = -5*m. Calculate the remainder when b is divided by l.
3
Suppose 0*j - 4*j + 26 = -3*m, -m = -5*j + 38. Let i(r) = -r**3 - 3*r**2 + r - 3. Let g be i(-3). Calculate the remainder when j is divided by 12/18 - 14/g.
2
Suppose 0 = -3*o + 2*o + 17. What is the remainder when 31 is divided by o?
14
Suppose 39 = 4*n - 5. Calculate the remainder when n is divided by 3.
2
Suppose 2*c = 10 - 6. What is the remainder when 38 + (2/c)/(-1) is divided by 13?
11
Let c(i) = 2*i + 28. What is the remainder when c(0) is divided by 10?
8
Calculate the remainder when 1424/28 - 2/(-14) is divided by 18.
15
Let u = 21 - -93. What is the remainder when u is divided by 29?
27
Let m = 38 + -22. Calculate the remainder when m is divided by 10.
6
Let w be (-10)/4*(-48)/30. Suppose -r = w*r - 550. Calculate the remainder when r is divided by 28.
26
Suppose 2*f + 78 = 2*p, -4*p - 4*f + 5*f = -153. Calculate the remainder when p is divided by 13.
12
Let v = -41 - -71. What is the remainder when v is divided by 11?
8
What is the remainder when 28/(-2*(-4)/8) is divided by 16?
12
Suppose -3*w + 8*w - 15 = 0. What is the remainder when 10 is divided by w?
1
Let i(h) = 22*h. Let m = 1 + 0. Let r be i(m). Suppose -o = -2*d - r, 5*o + d - 26 = 40. What is the remainder when 26 is divided by o?
12
Let p be (4/6)/(4/18). Let i be p/(2*(-3)/4). What is the remainder when 4 is divided by 3/5*(i + 7)?
1
Let o(a) = a**3 - 11*a**2 + 11*a - 4. Suppose 9 = -t + 2*t. Calculate the remainder when t is divided by o(10).
3
Suppose -57*u - 56 = -71*u. Let d be 1/(-1) - (5 - -1). Let v = d + 10. What is the remainder when u is divided by v?
1
Suppose 0 = 5*h + 5, m + m + 5*h = -5. Suppose -2*i + 6 + 2 = m, -2*v + 28 = 4*i. What is the remainder when 15 is divided by v?
3
Suppose 3*k - 2*s - 14 - 15 = 0, -s = -2*k + 20. Let x = 9 + 12. Calculate the remainder when x is divided by k.
10
Let h(r) = r + 15. Let k be h(-13). What is the remainder when (-1)/k - (-113)/2 is divided by 19?
18
Suppose -4 = 2*j - 0*n - 3*n, -2*j - 5*n = -28. Suppose -35 = -j*x - x. Suppose 0 = 7*t - 50 - 83. Calculate the remainder when t is divided by x.
5
Let y(t) = t**3 - 4*t**2 + 4*t - 6. Let l be y(4). Let b = -6 + l. Calculate the remainder when 99/15 - (-4)/10 is divided by b.
3
Let j(h) = -h**3 + 3*h**2 + 2*h - 4. Suppose 4*u + u - 3*b + 9 = 0, -4*u - 20 = 4*b. Calculate the remainder when 10*((-18)/15)/u is divided by j(3).
0
Suppose -2*u + 3 = -m + 11, 2*m - 3*u = 12. Suppose m = -3*a - 2*a + 185. What is the remainder when a is divided by 13?
11
Let d = 27 + -6. Calculate the remainder when d - (2 + (-3)/1) is divided by 8.
6
Let k = 225 + -121. Let f = -89 - -143. Suppose -4*x + k = c, 0 = 3*x - c - f - 17. Calculate the remainder when x is divided by 13.
12
Suppose -2*c + 35 = -27. Calculate the remainder when c is divided by 18.
13
Suppose -3*j = -15, -4*j = -5*p - 1 + 31. What is the remainder when p is divided by 3?
1
Let c = -164 - -213. Calculate the remainder when c is divided by 11.
5
Let d(n) = -2*n - 4. Let t be d(4). Let w = 32 + t. What is the remainder when 58 is divided by w?
18
Let b(d) be the first derivative of d**4/4 + 2*d**3 + d**2 - 2*d - 3. Calculate the remainder when b(-4) is divided by 8.
6
Let m = -15 + 35. What is the remainder when 75 is divided by m?
15
Suppose 0 = 3*n - 15 - 9. Let o = 43 + -31. Calculate the remainder when o is divided by n.
4
Let i(g) = 4*g + 6. Let c(v) = 11*v + 17. Let z(r) = -3*c(r) + 8*i(r). Calculate the remainder when 34 is divided by z(-10).
6
Let s(d) = -d**2 + 8*d + 3. Let o be s(9). Calculate the remainder when 27 is divided by ((-2)/3)/(o/135).
12
Suppose -11 + 27 = 4*w. Calculate the remainder when (-2 + 2)/3 - -7 is divided by w.
3
Let x = 0 + 1. What is the remainder when x - (-17 + (6 - 3)) is divided by 6?
3
Suppose 0 = -0*q + 3*q - 66. Calculate the remainder when q is divided by 12.
10
Let w(l) = -13*l - 6. Let a be w(-5). Calculate the remainder when 1/(1 - 58/a) is divided by 20.
19
Suppose -4*q + 16 = 0, 2*j - j - 2*q = 6. Calculate the remainder when 54 is divided by j.
12
Let n(z) = z**3 + 4*z**2 + 3*z - 1. Let w be n(-3). What is the remainder when ((-4)/(-10))/((-6)/(-330)) is divided by (2 + 2)/(w/(-2))?
6
Let l be 5/(75/162)*5. Suppose -3*n + u = -l, 2*n - 5*u - 9 = 14. Calculate the remainder when n is divided by 7.
5
Let g = -23 + 52. Let m(d) = d**3 - 5*d**2 - 2*d + 1. Let b be m(4). Let q = b + 38. What is the remainder when g is divided by q?
14
Let d = 51 - 22. Let w = 6 + d. Calculate the remainder when w is divided by 18.
17
Let r(i) = 13*i**2 - i + 1. Let k(u) = -u + 7. Let v be k(6). What is the remainder when r(v) is divided by -4*(0 + (-15)/12)?
3
Let j(r) = 23*r**2 - 2*r - 1. What is the remainder when j(-1) is divided by 3/7 + (-88)/(-7)?
11
Let b(k) = k + 13. What is the remainder when b(15) is divided by 9 - (0 - 1)*1?
8
Let v = -7 - -11. What i